{"id":1089,"date":"2025-12-21T21:57:16","date_gmt":"2025-12-21T20:57:16","guid":{"rendered":"https:\/\/edgarus.com\/?post_type=product&#038;p=1089"},"modified":"2025-12-21T21:57:16","modified_gmt":"2025-12-21T20:57:16","slug":"historyczne-plyty-granitowe-tarasowe-chodnikowe-dziedzincowe","status":"publish","type":"product","link":"https:\/\/edgarus.com\/?product=historyczne-plyty-granitowe-tarasowe-chodnikowe-dziedzincowe","title":{"rendered":"Historyczne p\u0142yty granitowe \u2013 tarasowe, chodnikowe, dziedzi\u0144cowe"},"content":{"rendered":"<h3 data-start=\"1563\" data-end=\"1577\">Pakowanie:<\/h3>\n<ul data-start=\"1578\" data-end=\"1638\">\n<li data-start=\"1578\" data-end=\"1638\">\n<p data-start=\"1580\" data-end=\"1638\">p\u0142yty uk\u0142adane na <strong data-start=\"1598\" data-end=\"1638\">paletach EURO \/ paletach drewnianych<\/strong><\/p>\n<\/li>\n<\/ul>\n<h3 data-start=\"1640\" data-end=\"1654\">Transport:<\/h3>\n<ul data-start=\"1655\" data-end=\"1858\">\n<li data-start=\"1655\" data-end=\"1680\">\n<p data-start=\"1657\" data-end=\"1680\">dostawy na terenie UE<\/p>\n<\/li>\n<li data-start=\"1681\" data-end=\"1736\">\n<p data-start=\"1683\" data-end=\"1736\">wymagany sprz\u0119t do roz\u0142adunku: <strong data-start=\"1714\" data-end=\"1734\">min. 2 t ud\u017awigu<\/strong><\/p>\n<\/li>\n<li data-start=\"1737\" data-end=\"1780\">\n<p data-start=\"1739\" data-end=\"1780\">maksymalne za\u0142adunki: samoch\u00f3d <strong data-start=\"1770\" data-end=\"1778\">40 t<\/strong><\/p>\n<\/li>\n<li data-start=\"1781\" data-end=\"1858\">\n<p data-start=\"1783\" data-end=\"1858\">koszt transportu ustalany indywidualnie na podstawie lokalizacji i ilo\u015bci<\/p>\n<\/li>\n<\/ul>\n<h3 data-start=\"1860\" data-end=\"1887\">Informacja materia\u0142owa:<\/h3>\n<p data-start=\"1888\" data-end=\"2049\">Produkt wykonany z <strong data-start=\"1907\" data-end=\"1945\">naturalnego kamienia historycznego<\/strong>. R\u00f3\u017cnice w kolorze, strukturze oraz wymiarach s\u0105 cech\u0105 materia\u0142u i nie stanowi\u0105 podstawy do reklamacji.<\/p>\n","protected":false},"excerpt":{"rendered":"<p data-start=\"535\" data-end=\"785\">Oferujemy <strong data-start=\"545\" data-end=\"573\">antyczne p\u0142yty granitowe<\/strong>, pozyskane z rozbi\u00f3rek historycznej zabudowy. Materia\u0142 zachowa\u0142 oryginalny charakter starego granitu \u2013 naturaln\u0105 patyn\u0119 u\u017cytkowania, zr\u00f3\u017cnicowan\u0105 struktur\u0119 oraz autentyczny wygl\u0105d kamienia sprzed dziesi\u0119cioleci.<\/p>\n<p data-start=\"787\" data-end=\"1065\">P\u0142yty by\u0142y <strong data-start=\"798\" data-end=\"835\">demontowane w spos\u00f3b kontrolowany<\/strong>, a nast\u0119pnie uk\u0142adane na paletach, co pozwala zachowa\u0107 ich stan techniczny i estetyczny. Oferowane formaty umo\u017cliwiaj\u0105 zastosowanie zar\u00f3wno w wi\u0119kszych realizacjach, jak i w projektach wymagaj\u0105cych indywidualnego doboru wymiar\u00f3w.<\/p>\n<h3 data-start=\"1067\" data-end=\"1095\">Specyfikacja techniczna:<\/h3>\n<ul data-start=\"1096\" data-end=\"1246\">\n<li data-start=\"1096\" data-end=\"1126\">\n<p data-start=\"1098\" data-end=\"1126\">materia\u0142: granit naturalny<\/p>\n<\/li>\n<li data-start=\"1127\" data-end=\"1177\">\n<p data-start=\"1129\" data-end=\"1177\">charakter: <strong data-start=\"1140\" data-end=\"1175\">materia\u0142 historyczny (antyczny)<\/strong><\/p>\n<\/li>\n<li data-start=\"1178\" data-end=\"1210\">\n<p data-start=\"1180\" data-end=\"1210\">obr\u00f3bka: pierwotna, u\u017cytkowa<\/p>\n<\/li>\n<li data-start=\"1211\" data-end=\"1246\">\n<p data-start=\"1213\" data-end=\"1246\">pochodzenie: rozbi\u00f3rki miejskie<\/p>\n<\/li>\n<\/ul>\n<h3 data-start=\"1248\" data-end=\"1260\">Wymiary:<\/h3>\n<ul data-start=\"1261\" data-end=\"1332\">\n<li data-start=\"1261\" data-end=\"1298\">\n<p data-start=\"1263\" data-end=\"1298\">szeroko\u015b\u0107: <strong data-start=\"1274\" data-end=\"1296\">od 40 cm do 150 cm<\/strong><\/p>\n<\/li>\n<li data-start=\"1299\" data-end=\"1332\">\n<p data-start=\"1301\" data-end=\"1332\">d\u0142ugo\u015b\u0107: <strong data-start=\"1310\" data-end=\"1332\">od 40 cm do 120 cm<\/strong><\/p>\n<\/li>\n<\/ul>\n<h3 data-start=\"1334\" data-end=\"1349\">Dost\u0119pno\u015b\u0107:<\/h3>\n<ul data-start=\"1350\" data-end=\"1445\">\n<li data-start=\"1350\" data-end=\"1385\">\n<p data-start=\"1352\" data-end=\"1385\">ok. <strong data-start=\"1356\" data-end=\"1366\">300 m\u00b2<\/strong> (bie\u017c\u0105ca partia)<\/p>\n<\/li>\n<li data-start=\"1386\" data-end=\"1445\">\n<p data-start=\"1388\" data-end=\"1445\">dodatkowo na stanie: ok. <strong data-start=\"1413\" data-end=\"1423\">500 m\u00b2<\/strong> w r\u00f3\u017cnych formatach<\/p>\n<\/li>\n<\/ul>\n<h3 data-start=\"1447\" data-end=\"1456\">Cena:<\/h3>\n<ul data-start=\"1457\" data-end=\"1561\">\n<li data-start=\"1457\" data-end=\"1503\">\n<p data-start=\"1459\" data-end=\"1503\"><strong data-start=\"1459\" data-end=\"1484\">199,00 \u20ac netto \/ 1 m\u00b2<\/strong> \u2013 firmy z VAT UE<\/p>\n<\/li>\n<li data-start=\"1504\" data-end=\"1561\">\n<p data-start=\"1506\" data-end=\"1561\"><strong data-start=\"1506\" data-end=\"1532\">236,81 \u20ac brutto \/ 1 m\u00b2<\/strong> \u2013 klienci prywatni (VAT 19%)<\/p>\n<\/li>\n<\/ul>\n","protected":false},"featured_media":1105,"comment_status":"open","ping_status":"closed","template":"","meta":{"neve_meta_sidebar":"","neve_meta_container":"","neve_meta_enable_content_width":"off","neve_meta_content_width":100,"neve_meta_title_alignment":"","neve_meta_author_avatar":"","neve_post_elements_order":"","neve_meta_disable_header":"","neve_meta_disable_footer":"","neve_meta_disable_title":""},"product_brand":[],"product_cat":[19],"product_tag":[351,357,355,347,352,354,356,264,255,299,257,353],"class_list":{"0":"post-1089","1":"product","2":"type-product","3":"status-publish","4":"has-post-thumbnail","6":"product_cat-antyczne-materialy","7":"product_tag-alte-granitplatten","8":"product_tag-alte-natursteinplatten","9":"product_tag-altstadtplatten-granit","10":"product_tag-antike-baustoffe","11":"product_tag-bodenplatten-granit-alt","12":"product_tag-gehwegplatten-granit","13":"product_tag-granitplatten-b2b","14":"product_tag-granitplatten-gebraucht","15":"product_tag-historische-granitplatten","16":"product_tag-naturstein-groshandel","17":"product_tag-natursteinplatten-historisch","18":"product_tag-terrassenplatten-granit-antik","20":"first","21":"instock","22":"shipping-taxable","23":"product-type-simple"},"yoast_head":"<!-- This site is optimized with the Yoast SEO plugin v26.6 - https:\/\/yoast.com\/wordpress\/plugins\/seo\/ -->\n<title>Alte Granitplatten | Bodenplatten, Terrassenplatten, Gehwegplatten<\/title>\n<meta name=\"description\" content=\"Alte Granitplatten in verschiedenen Formaten. Historische Bodenplatten, Terrassenplatten und Gehwegplatten aus Naturstein. Lieferung EU-weit, gro\u00dfe Mengen verf\u00fcgbar.\" \/>\n<meta name=\"robots\" content=\"index, follow, max-snippet:-1, max-image-preview:large, max-video-preview:-1\" \/>\n<link rel=\"canonical\" href=\"https:\/\/edgarus.com\/?product=historyczne-plyty-granitowe-tarasowe-chodnikowe-dziedzincowe\" \/>\n<meta property=\"og:locale\" content=\"pl_PL\" \/>\n<meta property=\"og:type\" content=\"article\" \/>\n<meta property=\"og:title\" content=\"Alte Granitplatten | Bodenplatten, Terrassenplatten, Gehwegplatten\" \/>\n<meta property=\"og:description\" content=\"Alte Granitplatten in verschiedenen Formaten. Historische Bodenplatten, Terrassenplatten und Gehwegplatten aus Naturstein. Lieferung EU-weit, gro\u00dfe Mengen verf\u00fcgbar.\" \/>\n<meta property=\"og:url\" content=\"https:\/\/edgarus.com\/?product=historyczne-plyty-granitowe-tarasowe-chodnikowe-dziedzincowe\" \/>\n<meta property=\"og:site_name\" content=\"EDGARUS\" \/>\n<meta name=\"twitter:card\" content=\"summary_large_image\" \/>\n<meta name=\"twitter:label1\" content=\"Szacowany czas czytania\" \/>\n\t<meta name=\"twitter:data1\" content=\"1 minuta\" \/>\n<script type=\"application\/ld+json\" class=\"yoast-schema-graph\">{\"@context\":\"https:\/\/schema.org\",\"@graph\":[{\"@type\":\"WebPage\",\"@id\":\"https:\/\/edgarus.com\/?product=historyczne-plyty-granitowe-tarasowe-chodnikowe-dziedzincowe\",\"url\":\"https:\/\/edgarus.com\/?product=historyczne-plyty-granitowe-tarasowe-chodnikowe-dziedzincowe\",\"name\":\"Alte Granitplatten | Bodenplatten, Terrassenplatten, Gehwegplatten\",\"isPartOf\":{\"@id\":\"https:\/\/edgarus.com\/#website\"},\"primaryImageOfPage\":{\"@id\":\"https:\/\/edgarus.com\/?product=historyczne-plyty-granitowe-tarasowe-chodnikowe-dziedzincowe#primaryimage\"},\"image\":{\"@id\":\"https:\/\/edgarus.com\/?product=historyczne-plyty-granitowe-tarasowe-chodnikowe-dziedzincowe#primaryimage\"},\"thumbnailUrl\":\"https:\/\/edgarus.com\/wp-content\/uploads\/2025\/12\/bfcc6c93-d38e-4f7e-9672-145cc683b81b.avif\",\"datePublished\":\"2025-12-21T20:57:16+00:00\",\"description\":\"Alte Granitplatten in verschiedenen Formaten. Historische Bodenplatten, Terrassenplatten und Gehwegplatten aus Naturstein. Lieferung EU-weit, gro\u00dfe Mengen verf\u00fcgbar.\",\"breadcrumb\":{\"@id\":\"https:\/\/edgarus.com\/?product=historyczne-plyty-granitowe-tarasowe-chodnikowe-dziedzincowe#breadcrumb\"},\"inLanguage\":\"pl-PL\",\"potentialAction\":[{\"@type\":\"ReadAction\",\"target\":[\"https:\/\/edgarus.com\/?product=historyczne-plyty-granitowe-tarasowe-chodnikowe-dziedzincowe\"]}]},{\"@type\":\"ImageObject\",\"inLanguage\":\"pl-PL\",\"@id\":\"https:\/\/edgarus.com\/?product=historyczne-plyty-granitowe-tarasowe-chodnikowe-dziedzincowe#primaryimage\",\"url\":\"https:\/\/edgarus.com\/wp-content\/uploads\/2025\/12\/bfcc6c93-d38e-4f7e-9672-145cc683b81b.avif\",\"contentUrl\":\"https:\/\/edgarus.com\/wp-content\/uploads\/2025\/12\/bfcc6c93-d38e-4f7e-9672-145cc683b81b.avif\",\"width\":800,\"height\":600},{\"@type\":\"BreadcrumbList\",\"@id\":\"https:\/\/edgarus.com\/?product=historyczne-plyty-granitowe-tarasowe-chodnikowe-dziedzincowe#breadcrumb\",\"itemListElement\":[{\"@type\":\"ListItem\",\"position\":1,\"name\":\"Strona g\u0142\u00f3wna\",\"item\":\"https:\/\/edgarus.com\/\"},{\"@type\":\"ListItem\",\"position\":2,\"name\":\"Produkty\",\"item\":\"https:\/\/edgarus.com\/?post_type=product\"},{\"@type\":\"ListItem\",\"position\":3,\"name\":\"Historyczne p\u0142yty granitowe \u2013 tarasowe, chodnikowe, dziedzi\u0144cowe\"}]},{\"@type\":\"WebSite\",\"@id\":\"https:\/\/edgarus.com\/#website\",\"url\":\"https:\/\/edgarus.com\/\",\"name\":\"EDGARUS\",\"description\":\"Z natury niezwyk\u0142e, z historii wieczne\",\"potentialAction\":[{\"@type\":\"SearchAction\",\"target\":{\"@type\":\"EntryPoint\",\"urlTemplate\":\"https:\/\/edgarus.com\/?s={search_term_string}\"},\"query-input\":{\"@type\":\"PropertyValueSpecification\",\"valueRequired\":true,\"valueName\":\"search_term_string\"}}],\"inLanguage\":\"pl-PL\"}]}<\/script>\n<!-- \/ Yoast SEO plugin. -->","yoast_head_json":{"title":"Alte Granitplatten | Bodenplatten, Terrassenplatten, Gehwegplatten","description":"Alte Granitplatten in verschiedenen Formaten. Historische Bodenplatten, Terrassenplatten und Gehwegplatten aus Naturstein. Lieferung EU-weit, gro\u00dfe Mengen verf\u00fcgbar.","robots":{"index":"index","follow":"follow","max-snippet":"max-snippet:-1","max-image-preview":"max-image-preview:large","max-video-preview":"max-video-preview:-1"},"canonical":"https:\/\/edgarus.com\/?product=historyczne-plyty-granitowe-tarasowe-chodnikowe-dziedzincowe","og_locale":"pl_PL","og_type":"article","og_title":"Alte Granitplatten | Bodenplatten, Terrassenplatten, Gehwegplatten","og_description":"Alte Granitplatten in verschiedenen Formaten. Historische Bodenplatten, Terrassenplatten und Gehwegplatten aus Naturstein. Lieferung EU-weit, gro\u00dfe Mengen verf\u00fcgbar.","og_url":"https:\/\/edgarus.com\/?product=historyczne-plyty-granitowe-tarasowe-chodnikowe-dziedzincowe","og_site_name":"EDGARUS","twitter_card":"summary_large_image","twitter_misc":{"Szacowany czas czytania":"1 minuta"},"schema":{"@context":"https:\/\/schema.org","@graph":[{"@type":"WebPage","@id":"https:\/\/edgarus.com\/?product=historyczne-plyty-granitowe-tarasowe-chodnikowe-dziedzincowe","url":"https:\/\/edgarus.com\/?product=historyczne-plyty-granitowe-tarasowe-chodnikowe-dziedzincowe","name":"Alte Granitplatten | Bodenplatten, Terrassenplatten, Gehwegplatten","isPartOf":{"@id":"https:\/\/edgarus.com\/#website"},"primaryImageOfPage":{"@id":"https:\/\/edgarus.com\/?product=historyczne-plyty-granitowe-tarasowe-chodnikowe-dziedzincowe#primaryimage"},"image":{"@id":"https:\/\/edgarus.com\/?product=historyczne-plyty-granitowe-tarasowe-chodnikowe-dziedzincowe#primaryimage"},"thumbnailUrl":"https:\/\/edgarus.com\/wp-content\/uploads\/2025\/12\/bfcc6c93-d38e-4f7e-9672-145cc683b81b.avif","datePublished":"2025-12-21T20:57:16+00:00","description":"Alte Granitplatten in verschiedenen Formaten. Historische Bodenplatten, Terrassenplatten und Gehwegplatten aus Naturstein. Lieferung EU-weit, gro\u00dfe Mengen verf\u00fcgbar.","breadcrumb":{"@id":"https:\/\/edgarus.com\/?product=historyczne-plyty-granitowe-tarasowe-chodnikowe-dziedzincowe#breadcrumb"},"inLanguage":"pl-PL","potentialAction":[{"@type":"ReadAction","target":["https:\/\/edgarus.com\/?product=historyczne-plyty-granitowe-tarasowe-chodnikowe-dziedzincowe"]}]},{"@type":"ImageObject","inLanguage":"pl-PL","@id":"https:\/\/edgarus.com\/?product=historyczne-plyty-granitowe-tarasowe-chodnikowe-dziedzincowe#primaryimage","url":"https:\/\/edgarus.com\/wp-content\/uploads\/2025\/12\/bfcc6c93-d38e-4f7e-9672-145cc683b81b.avif","contentUrl":"https:\/\/edgarus.com\/wp-content\/uploads\/2025\/12\/bfcc6c93-d38e-4f7e-9672-145cc683b81b.avif","width":800,"height":600},{"@type":"BreadcrumbList","@id":"https:\/\/edgarus.com\/?product=historyczne-plyty-granitowe-tarasowe-chodnikowe-dziedzincowe#breadcrumb","itemListElement":[{"@type":"ListItem","position":1,"name":"Strona g\u0142\u00f3wna","item":"https:\/\/edgarus.com\/"},{"@type":"ListItem","position":2,"name":"Produkty","item":"https:\/\/edgarus.com\/?post_type=product"},{"@type":"ListItem","position":3,"name":"Historyczne p\u0142yty granitowe \u2013 tarasowe, chodnikowe, dziedzi\u0144cowe"}]},{"@type":"WebSite","@id":"https:\/\/edgarus.com\/#website","url":"https:\/\/edgarus.com\/","name":"EDGARUS","description":"Z natury niezwyk\u0142e, z historii wieczne","potentialAction":[{"@type":"SearchAction","target":{"@type":"EntryPoint","urlTemplate":"https:\/\/edgarus.com\/?s={search_term_string}"},"query-input":{"@type":"PropertyValueSpecification","valueRequired":true,"valueName":"search_term_string"}}],"inLanguage":"pl-PL"}]}},"_links":{"self":[{"href":"https:\/\/edgarus.com\/index.php?rest_route=\/wp\/v2\/product\/1089","targetHints":{"allow":["GET"]}}],"collection":[{"href":"https:\/\/edgarus.com\/index.php?rest_route=\/wp\/v2\/product"}],"about":[{"href":"https:\/\/edgarus.com\/index.php?rest_route=\/wp\/v2\/types\/product"}],"replies":[{"embeddable":true,"href":"https:\/\/edgarus.com\/index.php?rest_route=%2Fwp%2Fv2%2Fcomments&post=1089"}],"wp:featuredmedia":[{"embeddable":true,"href":"https:\/\/edgarus.com\/index.php?rest_route=\/wp\/v2\/media\/1105"}],"wp:attachment":[{"href":"https:\/\/edgarus.com\/index.php?rest_route=%2Fwp%2Fv2%2Fmedia&parent=1089"}],"wp:term":[{"taxonomy":"product_brand","embeddable":true,"href":"https:\/\/edgarus.com\/index.php?rest_route=%2Fwp%2Fv2%2Fproduct_brand&post=1089"},{"taxonomy":"product_cat","embeddable":true,"href":"https:\/\/edgarus.com\/index.php?rest_route=%2Fwp%2Fv2%2Fproduct_cat&post=1089"},{"taxonomy":"product_tag","embeddable":true,"href":"https:\/\/edgarus.com\/index.php?rest_route=%2Fwp%2Fv2%2Fproduct_tag&post=1089"}],"curies":[{"name":"wp","href":"https:\/\/api.w.org\/{rel}","templated":true}]}}